/39. Calculate the highest common divisor of u and b.
24
Let d be (48/(-9) + 20/5)/(2/(-15)). Calculate the greatest common factor of d and 1350.
10
Suppose 5*x + 5 = 4*p, -p - 3*x - 16 = -6*p. Let k = 3664 - 3664. Suppose o - p*o + 80 = k. Calculate the greatest common divisor of o and 20.
20
Let t(n) = 33*n**3 + 2*n**2 - 1. Let r(s) = s**2 - 25*s + 25. Let j be r(24). Let a be t(j). Calculate the highest common divisor of 306 and a.
34
Let l(c) = -3*c + 1. Let u be l(-2). Let p be 14*(209/22 + -9). Calculate the greatest common factor of p and u.
7
Let n = -36 + 400. Let h be (-3 - -4)/((-1)/11 + (-3450)/(-34320)). Calculate the greatest common divisor of n and h.
52
Suppose -972 = -4*w + 4*l, 3546*w = 3544*w + 3*l + 483. What is the highest common divisor of 13 and w?
1
Suppose -6*u = -c + 92, -2*u = 4*c - 34 - 490. Calculate the greatest common factor of c and 12288.
128
Suppose 2*l - 5*c = -3*c + 198, 0 = 2*l + 3*c - 218. Let o = 277 - 198. Let s = l - o. What is the highest common divisor of 108 and s?
12
Let b be 7/35 + (57/15 - 4)*-2254. Calculate the highest common divisor of b and 99.
11
Suppose 4*m - 140 = -3*f + 145, 4*m + 4*f - 284 = 0. Suppose 0 = -5*k + 5, 2*z = -0*z - 2*k + 1298. What is the highest common divisor of m and z?
72
Let x = -368 + 411. Suppose -42*o + x*o = 180. Calculate the greatest common factor of o and 36.
36
Let y(v) = v**3 - 3*v**2 + 5*v + 8088. Let d be y(0). Calculate the highest common factor of 48 and d.
24
Suppose 153*m - 15*m = 60720. What is the highest common divisor of 1280 and m?
40
Let x be (-5 - 259)/(-8) + 1/1 + -6. Calculate the greatest common divisor of 12194 and x.
14
Suppose 0 = -4*n + 244 + 28. Suppose 2*l = l + n. Let m be 1*(3 - -17)*17/2. Calculate the greatest common factor of l and m.
34
Let n = 2390 + -2378. What is the greatest common divisor of n and 1068?
12
Let z(i) = 796*i**2 - 6245*i - 16. Let j be z(8). Calculate the highest common divisor of 2057 and j.
121
Let a(l) = 4*l**2 - 11*l + 13. Let s(q) = 4*q**2 - 11*q + 16. Let m(p) = 5*a(p) - 4*s(p). Let c be m(4). What is the greatest common divisor of c and 231?
21
Let d be 8 - -2 - -1 - (-8 + 5). Suppose -d = -r + 35. Suppose -7*v = -3*v + j - 31, 0 = -v + 3*j - 2. Calculate the highest common divisor of r and v.
7
Let k(g) = 5*g**2 + g + 3. Let h be k(5). Let y be (-4 - 748/(-198))*3*-21. What is the greatest common factor of h and y?
7
Let m = -26462 - -26597. Calculate the highest common divisor of 1593 and m.
27
Let n = 13595 + -7342. Calculate the greatest common divisor of 130 and n.
13
Suppose 4*g + 1494 = 13*g. Let v = 187 - g. Let m(o) = 5*o**2 + 9*o + 7. Let y be m(-7). Calculate the greatest common divisor of y and v.
21
Let n be ((-10)/(-4))/(6/36). Let p be (-2)/(-5) - 396/n. Let h = 45 + p. Calculate the highest common divisor of h and 57.
19
Suppose 13382 = 29*y - 44618. Suppose 12*f = 6116 - y. What is the greatest common factor of 49 and f?
49
Let d = 336 - 132. Suppose -2*l = l - d. Suppose 172 = 8*o - l. Calculate the highest common factor of 60 and o.
30
Suppose 2*x = 8*x + 30. Let p(j) = -j**2 - 4*j + 11. Let v be p(x). Let c be 3/18 - (-83)/v. Calculate the greatest common divisor of 35 and c.
7
Let t = 20826 - 20682. What is the highest common factor of 396 and t?
36
Let h(t) = -570*t + 3455. Let f be h(6). Suppose 2*j = 6, 3*p + 21 = 6*p + 2*j. What is the highest common divisor of f and p?
5
Let f(p) = -p**3 - 8*p**2 - p + 37. Let b be f(-10). Suppose 0 = b*h - 261*h + 630. Let m be 1/2 + 119/2. Calculate the highest common divisor of h and m.
15
Let k(j) = -j**3 - j**2 + 15*j + 3341. Let m be k(0). Calculate the greatest common factor of 1285 and m.
257
Let v = -131 + 165. Suppose 4*j = v + 234. Let r = j - 21. What is the highest common divisor of r and 115?
23
Let j(s) = 7*s + 5. Let k be j(-2). Let d be (-889)/k - (-8)/36. Let n be 3*(-3 - (-80)/12). Calculate the highest common factor of d and n.
11
Suppose -348 = -14*i + 366. Suppose 5*b + 2*n - 1026 = 0, -2*b + 7*b - 2*n - 1014 = 0. Calculate the highest common divisor of b and i.
51
Let o = -191 + 363. Suppose -27 = -7*b - 2*b. Suppose b*x + 5*l - 154 = 0, x - 48 = -2*l + l. What is the highest common factor of o and x?
43
Let q(v) = 8*v**2 + 58*v + 601. Let t be q(-8). What is the highest common divisor of 413 and t?
59
Let r be (-39)/52 + (-11)/(-4). Suppose -a = -r*m + 94, 4*a = -0*m - m + 29. Calculate the greatest common factor of 45 and m.
45
Let q = 23993 + -16109. What is the greatest common factor of q and 216?
108
Let f(n) = -253*n - 161. Let t be f(-1). Calculate the highest common divisor of t and 46.
46
Let t(s) = 13*s + 43. Let l be t(-3). Let k(r) = 25*r - 73. Let z be k(l). What is the highest common factor of z and 216?
27
Let o be (-4)/7 - (-5165)/35. Let v = 217 - -28. What is the highest common divisor of o and v?
49
Suppose 63*w - 52*w - 66 = 0. What is the highest common factor of 2274 and w?
6
Let l(y) = -107*y + 14225. Let u be l(112). Calculate the greatest common factor of 664 and u.
83
Let a be (9*1/3)/((-2)/(-138)). Let x = a - 31. Calculate the highest common divisor of 16 and x.
16
Suppose 16*f = 20 + 236. Let z = 44 - f. Let t be 0 + z + -17 + 15. Calculate the greatest common divisor of 26 and t.
26
Suppose -1101 = -2*a + 1761. Calculate the greatest common factor of 54 and a.
27
Let l(w) = -w + 14. Let a be l(9). Let p(c) = -c**2 - c + 9. Let m be p(-4). Let v be 837/21 - m/21. Calculate the highest common divisor of v and a.
5
Let d be (-6)/(((-8)/(-32))/(63/(-12))). What is the greatest common divisor of d and 282?
6
Suppose 0 = -5*v - 121 + 461. Suppose 8*d - 1377 = 1071. What is the greatest common factor of v and d?
34
Let w = -85 + 217. Let v be (2 - (-1 + 4))*-1 + 2. Let x be (w + 2 - v) + 1. What is the highest common divisor of x and 12?
12
Suppose -3*j + 2*i = -1550, 2*j - 7*i = 2*i + 972. What is the highest common divisor of j and 580?
58
Let l = -52 - -64. Suppose 5*q - l*q = -21. Suppose v + q*v - 12 = 2*x, 5*x + 18 = 4*v. What is the greatest common factor of v and 8?
2
Suppose -6 + 21 = 3*z. Suppose 221 = z*u - 4. Calculate the greatest common factor of u and 10.
5
Let i be (-2 - 40/(-70))/((-2)/((-56)/(-4))). Calculate the greatest common divisor of 640 and i.
10
Let b be (8/(-7))/(14/(-49)). Suppose -4*j + 1408 = b*i, -1051 = -3*j - 5*i + i. What is the highest common factor of j and 21?
21
Suppose -2*l + 2 = -4. Suppose -3*y - l*y + 180 = 0. Let u(s) = -s**3 - s**2 - 2*s - 2. Let z be u(-2). Calculate the greatest common factor of z and y.
6
Let v(a) = -a**3 - 4*a**2 + 19*a - 9. Let n be 4/(-14) + (-611)/91. Let t be v(n). What is the greatest common divisor of t and 3?
1
Let j = 840 - 775. What is the highest common factor of 45 and j?
5
Let w(c) = -2*c**3 + 16*c**2 - 14*c + 2. Let k be w(7). Suppose -d + 578 = m, 7*m = 11*m + k*d - 2308. Calculate the highest common divisor of 9 and m.
9
Suppose 216 = -27*h + 81*h. What is the highest common factor of 244 and h?
4
Suppose -14*y + 15*y = 258. Let i = y - 24. What is the highest common divisor of 39 and i?
39
Let t(y) = 323*y**3 - 17*y**2 + 4*y + 10. Let r be t(3). Calculate the greatest common divisor of 20 and r.
10
Suppose -3*o - 131 = -4*v + 2*o, 0 = -5*v + 5*o + 165. Suppose 3*k + 2*a = 110, -4*k + 2*a = -3*k - v. What is the highest common factor of k and 144?
36
Suppose 3*t - 126 = -4*n, -n + 0*t - 3*t + 36 = 0. Suppose 25*v = 27*v - n. Calculate the highest common divisor of v and 195.
15
Let x be (32/42*(-47)/(470/(-15)))/((-1)/(-28)). Let d be ((-8)/6)/(-2)*15. Calculate the highest common divisor of d and x.
2
Suppose 978 = 2*h - 4*s - 864, 3*s = -5*h + 4527. Calculate the greatest common factor of h and 18.
9
Let w = -8447 - -10167. What is the greatest common divisor of w and 100?
20
Let b be 1/5 + 162/15. Let w be ((-102)/8)/((-3 - 0 - -6)/(-44)). What is the highest common divisor of w and b?
11
Let k be (315/18)/((-180)/(-576)). What is the highest common factor of k and 91?
7
Suppose -w = -3*g + 301, 0 = 2*g + 2*w - 147 - 59. Let q be (14/(-14))/((-2)/404). Calculate the highest common factor of g and q.
101
Let p(m) = 156*m - 142. Let i be p(1). Let l = 168 + -140. Calculate the highest common divisor of i and l.
14
Let p